{"id":4588,"date":"2021-02-27T01:47:55","date_gmt":"2021-02-26T22:47:55","guid":{"rendered":"https:\/\/nbt.net.tr\/?page_id=4588"},"modified":"2021-03-14T22:39:11","modified_gmt":"2021-03-14T19:39:11","slug":"sunucu-barindirma","status":"publish","type":"page","link":"https:\/\/nbt.net.tr\/index.php\/sunucu-barindirma\/","title":{"rendered":"Sunucu Bar\u0131nd\u0131rma"},"content":{"rendered":"\t\t<div data-elementor-type=\"wp-page\" data-elementor-id=\"4588\" class=\"elementor elementor-4588\">\n\t\t\t\t\t\t<section class=\"elementor-section elementor-top-section elementor-element elementor-element-ca7eb00 ot-traditional elementor-section-boxed elementor-section-height-default elementor-section-height-default\" data-id=\"ca7eb00\" data-element_type=\"section\" data-e-type=\"section\" data-settings=\"{&quot;background_background&quot;:&quot;classic&quot;}\">\n\t\t\t\t\t\t\t<div class=\"elementor-background-overlay\"><\/div>\n\t\t\t\t\t\t\t<div class=\"elementor-container elementor-column-gap-default\">\n\t\t\t\t\t<div class=\"elementor-column elementor-col-100 elementor-top-column elementor-element elementor-element-3e9b4e3 ot-flex-column-vertical\" data-id=\"3e9b4e3\" data-element_type=\"column\" data-e-type=\"column\">\n\t\t\t<div class=\"elementor-widget-wrap elementor-element-populated\">\n\t\t\t\t\t\t<div class=\"elementor-element elementor-element-1a38192 elementor-widget elementor-widget-spacer\" data-id=\"1a38192\" data-element_type=\"widget\" data-e-type=\"widget\" data-widget_type=\"spacer.default\">\n\t\t\t\t<div class=\"elementor-widget-container\">\n\t\t\t\t\t\t\t<div class=\"elementor-spacer\">\n\t\t\t<div class=\"elementor-spacer-inner\"><\/div>\n\t\t<\/div>\n\t\t\t\t\t\t<\/div>\n\t\t\t\t<\/div>\n\t\t\t\t<section class=\"elementor-section elementor-inner-section elementor-element elementor-element-400460b ot-traditional elementor-section-boxed elementor-section-height-default elementor-section-height-default\" data-id=\"400460b\" data-element_type=\"section\" data-e-type=\"section\">\n\t\t\t\t\t\t<div class=\"elementor-container elementor-column-gap-default\">\n\t\t\t\t\t<div class=\"elementor-column elementor-col-50 elementor-inner-column elementor-element elementor-element-1f2767d ot-flex-column-vertical\" data-id=\"1f2767d\" data-element_type=\"column\" data-e-type=\"column\">\n\t\t\t<div class=\"elementor-widget-wrap elementor-element-populated\">\n\t\t\t\t\t\t<div class=\"elementor-element elementor-element-09c095b elementor-widget elementor-widget-heading\" data-id=\"09c095b\" data-element_type=\"widget\" data-e-type=\"widget\" data-widget_type=\"heading.default\">\n\t\t\t\t<div class=\"elementor-widget-container\">\n\t\t\t\t\t<h2 class=\"elementor-heading-title elementor-size-default\">Sanal <br>Sunucu Bar\u0131nd\u0131rma<\/h2>\t\t\t\t<\/div>\n\t\t\t\t<\/div>\n\t\t\t\t\t<\/div>\n\t\t<\/div>\n\t\t\t\t<div class=\"elementor-column elementor-col-50 elementor-inner-column elementor-element elementor-element-4601b7e ot-flex-column-vertical\" data-id=\"4601b7e\" data-element_type=\"column\" data-e-type=\"column\">\n\t\t\t<div class=\"elementor-widget-wrap elementor-element-populated\">\n\t\t\t\t\t\t<div class=\"elementor-element elementor-element-8770150 elementor-widget elementor-widget-image\" data-id=\"8770150\" data-element_type=\"widget\" data-e-type=\"widget\" data-widget_type=\"image.default\">\n\t\t\t\t<div class=\"elementor-widget-container\">\n\t\t\t\t\t\t\t\t\t\t\t\t\t\t\t<img fetchpriority=\"high\" decoding=\"async\" width=\"724\" height=\"663\" src=\"https:\/\/nbt.net.tr\/wp-content\/uploads\/2021\/02\/Shape.png\" class=\"attachment-large size-large wp-image-4261\" alt=\"\" srcset=\"https:\/\/nbt.net.tr\/wp-content\/uploads\/2021\/02\/Shape.png 724w, https:\/\/nbt.net.tr\/wp-content\/uploads\/2021\/02\/Shape-300x275.png 300w, https:\/\/nbt.net.tr\/wp-content\/uploads\/2021\/02\/Shape-720x659.png 720w, https:\/\/nbt.net.tr\/wp-content\/uploads\/2021\/02\/Shape-600x549.png 600w\" sizes=\"(max-width: 724px) 100vw, 724px\" \/>\t\t\t\t\t\t\t\t\t\t\t\t\t\t\t<\/div>\n\t\t\t\t<\/div>\n\t\t\t\t\t<\/div>\n\t\t<\/div>\n\t\t\t\t\t<\/div>\n\t\t<\/section>\n\t\t\t\t<div class=\"elementor-element elementor-element-d5eb21e elementor-widget elementor-widget-text-editor\" data-id=\"d5eb21e\" data-element_type=\"widget\" data-e-type=\"widget\" data-widget_type=\"text-editor.default\">\n\t\t\t\t<div class=\"elementor-widget-container\">\n\t\t\t\t\t\t\t\t\t<h4>Sanal sunucular\u0131n\u0131z\u0131 kuvvetli Dell ve IBM cihazlar\u0131m\u0131zdan olu\u015fan bulut altyap\u0131m\u0131z alt\u0131nda bar\u0131nd\u0131r\u0131yoruz.<\/h4>\t\t\t\t\t\t\t\t<\/div>\n\t\t\t\t<\/div>\n\t\t\t\t<div class=\"elementor-element elementor-element-f516aa0 elementor-widget elementor-widget-spacer\" data-id=\"f516aa0\" data-element_type=\"widget\" data-e-type=\"widget\" data-widget_type=\"spacer.default\">\n\t\t\t\t<div class=\"elementor-widget-container\">\n\t\t\t\t\t\t\t<div class=\"elementor-spacer\">\n\t\t\t<div class=\"elementor-spacer-inner\"><\/div>\n\t\t<\/div>\n\t\t\t\t\t\t<\/div>\n\t\t\t\t<\/div>\n\t\t\t\t<div class=\"elementor-element elementor-element-b9074e7 elementor-button-info elementor-align-center elementor-widget elementor-widget-button\" data-id=\"b9074e7\" data-element_type=\"widget\" data-e-type=\"widget\" data-widget_type=\"button.default\">\n\t\t\t\t<div class=\"elementor-widget-container\">\n\t\t\t\t\t\t\t\t\t<div class=\"elementor-button-wrapper\">\n\t\t\t\t\t<a class=\"elementor-button elementor-button-link elementor-size-xl\" href=\"https:\/\/www.nbthost.com\/index.php\/store\/sanal-sunucu\" target=\"_blank\">\n\t\t\t\t\t\t<span class=\"elementor-button-content-wrapper\">\n\t\t\t\t\t\t<span class=\"elementor-button-icon\">\n\t\t\t\t<i aria-hidden=\"true\" class=\"fas fa-server\"><\/i>\t\t\t<\/span>\n\t\t\t\t\t\t\t\t\t<span class=\"elementor-button-text\">\u00dcr\u00fcn Sayfas\u0131na G\u0130T<\/span>\n\t\t\t\t\t<\/span>\n\t\t\t\t\t<\/a>\n\t\t\t\t<\/div>\n\t\t\t\t\t\t\t\t<\/div>\n\t\t\t\t<\/div>\n\t\t\t\t<div class=\"elementor-element elementor-element-16d9970 elementor-widget elementor-widget-spacer\" data-id=\"16d9970\" data-element_type=\"widget\" data-e-type=\"widget\" data-widget_type=\"spacer.default\">\n\t\t\t\t<div class=\"elementor-widget-container\">\n\t\t\t\t\t\t\t<div class=\"elementor-spacer\">\n\t\t\t<div class=\"elementor-spacer-inner\"><\/div>\n\t\t<\/div>\n\t\t\t\t\t\t<\/div>\n\t\t\t\t<\/div>\n\t\t\t\t<section class=\"elementor-section elementor-inner-section elementor-element elementor-element-d3f1eb8 ot-traditional elementor-section-boxed elementor-section-height-default elementor-section-height-default\" data-id=\"d3f1eb8\" data-element_type=\"section\" data-e-type=\"section\">\n\t\t\t\t\t\t<div class=\"elementor-container elementor-column-gap-default\">\n\t\t\t\t\t<div class=\"elementor-column elementor-col-50 elementor-inner-column elementor-element elementor-element-06f144a ot-flex-column-vertical\" data-id=\"06f144a\" data-element_type=\"column\" data-e-type=\"column\">\n\t\t\t<div class=\"elementor-widget-wrap elementor-element-populated\">\n\t\t\t\t\t\t<div class=\"elementor-element elementor-element-07be714 elementor-widget elementor-widget-image\" data-id=\"07be714\" data-element_type=\"widget\" data-e-type=\"widget\" data-widget_type=\"image.default\">\n\t\t\t\t<div class=\"elementor-widget-container\">\n\t\t\t\t\t\t\t\t\t\t\t\t\t\t\t<img decoding=\"async\" width=\"198\" height=\"190\" src=\"https:\/\/nbt.net.tr\/wp-content\/uploads\/2021\/02\/Fill-1.png\" class=\"attachment-large size-large wp-image-4259\" alt=\"\" \/>\t\t\t\t\t\t\t\t\t\t\t\t\t\t\t<\/div>\n\t\t\t\t<\/div>\n\t\t\t\t\t<\/div>\n\t\t<\/div>\n\t\t\t\t<div class=\"elementor-column elementor-col-50 elementor-inner-column elementor-element elementor-element-96afd74 ot-flex-column-vertical\" data-id=\"96afd74\" data-element_type=\"column\" data-e-type=\"column\">\n\t\t\t<div class=\"elementor-widget-wrap elementor-element-populated\">\n\t\t\t\t\t\t<div class=\"elementor-element elementor-element-a479ffa elementor-widget elementor-widget-heading\" data-id=\"a479ffa\" data-element_type=\"widget\" data-e-type=\"widget\" data-widget_type=\"heading.default\">\n\t\t\t\t<div class=\"elementor-widget-container\">\n\t\t\t\t\t<h2 class=\"elementor-heading-title elementor-size-default\">Fiziksel<br>Cihaz Bar\u0131nd\u0131rma<\/h2>\t\t\t\t<\/div>\n\t\t\t\t<\/div>\n\t\t\t\t\t<\/div>\n\t\t<\/div>\n\t\t\t\t\t<\/div>\n\t\t<\/section>\n\t\t\t\t<div class=\"elementor-element elementor-element-a15e8c3 elementor-widget elementor-widget-text-editor\" data-id=\"a15e8c3\" data-element_type=\"widget\" data-e-type=\"widget\" data-widget_type=\"text-editor.default\">\n\t\t\t\t<div class=\"elementor-widget-container\">\n\t\t\t\t\t\t\t\t\t<h4>Sunucu, switch, nas cihaz\u0131, firewall gibi cihazlar\u0131n\u0131z\u0131 g\u00fc\u00e7l\u00fc altyap\u0131m\u0131zda bar\u0131nd\u0131r\u0131yoruz.<\/h4>\t\t\t\t\t\t\t\t<\/div>\n\t\t\t\t<\/div>\n\t\t\t\t<div class=\"elementor-element elementor-element-2397b0a elementor-widget elementor-widget-spacer\" data-id=\"2397b0a\" data-element_type=\"widget\" data-e-type=\"widget\" data-widget_type=\"spacer.default\">\n\t\t\t\t<div class=\"elementor-widget-container\">\n\t\t\t\t\t\t\t<div class=\"elementor-spacer\">\n\t\t\t<div class=\"elementor-spacer-inner\"><\/div>\n\t\t<\/div>\n\t\t\t\t\t\t<\/div>\n\t\t\t\t<\/div>\n\t\t\t\t<div class=\"elementor-element elementor-element-fb15704 elementor-button-info elementor-align-center elementor-widget elementor-widget-button\" data-id=\"fb15704\" data-element_type=\"widget\" data-e-type=\"widget\" data-widget_type=\"button.default\">\n\t\t\t\t<div class=\"elementor-widget-container\">\n\t\t\t\t\t\t\t\t\t<div class=\"elementor-button-wrapper\">\n\t\t\t\t\t<a class=\"elementor-button elementor-button-link elementor-size-xl\" href=\"https:\/\/www.nbthost.com\/index.php\/store\/fiziksel-cihaz-barindirma\" target=\"_blank\">\n\t\t\t\t\t\t<span class=\"elementor-button-content-wrapper\">\n\t\t\t\t\t\t<span class=\"elementor-button-icon\">\n\t\t\t\t<i aria-hidden=\"true\" class=\"fas fa-server\"><\/i>\t\t\t<\/span>\n\t\t\t\t\t\t\t\t\t<span class=\"elementor-button-text\">\u00dcr\u00fcn Sayfas\u0131na G\u0130T<\/span>\n\t\t\t\t\t<\/span>\n\t\t\t\t\t<\/a>\n\t\t\t\t<\/div>\n\t\t\t\t\t\t\t\t<\/div>\n\t\t\t\t<\/div>\n\t\t\t\t<div class=\"elementor-element elementor-element-0133cfa elementor-widget elementor-widget-spacer\" data-id=\"0133cfa\" data-element_type=\"widget\" data-e-type=\"widget\" data-widget_type=\"spacer.default\">\n\t\t\t\t<div class=\"elementor-widget-container\">\n\t\t\t\t\t\t\t<div class=\"elementor-spacer\">\n\t\t\t<div class=\"elementor-spacer-inner\"><\/div>\n\t\t<\/div>\n\t\t\t\t\t\t<\/div>\n\t\t\t\t<\/div>\n\t\t\t\t\t<\/div>\n\t\t<\/div>\n\t\t\t\t\t<\/div>\n\t\t<\/section>\n\t\t\t\t<\/div>\n\t\t","protected":false},"excerpt":{"rendered":"<p>Sanal Sunucu Bar\u0131nd\u0131rma Sanal sunucular\u0131n\u0131z\u0131 kuvvetli Dell ve IBM cihazlar\u0131m\u0131zdan olu\u015fan bulut altyap\u0131m\u0131z alt\u0131nda bar\u0131nd\u0131r\u0131yoruz. \u00dcr\u00fcn Sayfas\u0131na G\u0130T Fiziksel Cihaz Bar\u0131nd\u0131rma Sunucu, switch, nas cihaz\u0131, firewall gibi cihazlar\u0131n\u0131z\u0131 g\u00fc\u00e7l\u00fc altyap\u0131m\u0131zda bar\u0131nd\u0131r\u0131yoruz. \u00dcr\u00fcn Sayfas\u0131na G\u0130T Farkl\u0131 bir Sorum Var Yukar\u0131da yeterli bilgi edinemedi\u011finizi d\u00fc\u015f\u00fcn\u00fcyor veya soracak farkl\u0131 bir sorunuz var ise, l\u00fctfen bize, 0232 532 0000 [&hellip;]<\/p>\n","protected":false},"author":1,"featured_media":0,"parent":0,"menu_order":0,"comment_status":"closed","ping_status":"closed","template":"","meta":{"footnotes":""},"class_list":["post-4588","page","type-page","status-publish","hentry"],"yoast_head":"<!-- This site is optimized with the Yoast SEO plugin v25.6 - https:\/\/yoast.com\/wordpress\/plugins\/seo\/ -->\n<title>Sanal - Fiziksel - Sunucu Bar\u0131nd\u0131rma - NBT<\/title>\n<meta name=\"description\" content=\"Sanal veya Fiziksel sunucular\u0131n\u0131z\u0131 g\u00fcvenli ve h\u0131zl\u0131 bir \u015fekilde bar\u0131nd\u0131ral\u0131m, Yat\u0131r\u0131m ve g\u00fcncelleme maliyetlerinden kurtulun.\" \/>\n<meta name=\"robots\" content=\"index, follow, max-snippet:-1, max-image-preview:large, max-video-preview:-1\" \/>\n<link rel=\"canonical\" href=\"https:\/\/nbt.net.tr\/index.php\/sunucu-barindirma\/\" \/>\n<meta property=\"og:locale\" content=\"tr_TR\" \/>\n<meta property=\"og:type\" content=\"article\" \/>\n<meta property=\"og:title\" content=\"Sanal - Fiziksel - Sunucu Bar\u0131nd\u0131rma - NBT\" \/>\n<meta property=\"og:description\" content=\"Sanal veya Fiziksel sunucular\u0131n\u0131z\u0131 g\u00fcvenli ve h\u0131zl\u0131 bir \u015fekilde bar\u0131nd\u0131ral\u0131m, Yat\u0131r\u0131m ve g\u00fcncelleme maliyetlerinden kurtulun.\" \/>\n<meta property=\"og:url\" content=\"https:\/\/nbt.net.tr\/index.php\/sunucu-barindirma\/\" \/>\n<meta property=\"og:site_name\" content=\"NBT\" \/>\n<meta property=\"article:modified_time\" content=\"2021-03-14T19:39:11+00:00\" \/>\n<meta property=\"og:image\" content=\"https:\/\/nbt.net.tr\/wp-content\/uploads\/2021\/02\/Shape.png\" \/>\n<meta name=\"twitter:card\" content=\"summary_large_image\" \/>\n<meta name=\"twitter:label1\" content=\"Tahmini okuma s\u00fcresi\" \/>\n\t<meta name=\"twitter:data1\" content=\"1 dakika\" \/>\n<script type=\"application\/ld+json\" class=\"yoast-schema-graph\">{\"@context\":\"https:\/\/schema.org\",\"@graph\":[{\"@type\":\"WebPage\",\"@id\":\"https:\/\/nbt.net.tr\/index.php\/sunucu-barindirma\/\",\"url\":\"https:\/\/nbt.net.tr\/index.php\/sunucu-barindirma\/\",\"name\":\"Sanal - Fiziksel - Sunucu Bar\u0131nd\u0131rma - NBT\",\"isPartOf\":{\"@id\":\"https:\/\/nbt.net.tr\/#website\"},\"primaryImageOfPage\":{\"@id\":\"https:\/\/nbt.net.tr\/index.php\/sunucu-barindirma\/#primaryimage\"},\"image\":{\"@id\":\"https:\/\/nbt.net.tr\/index.php\/sunucu-barindirma\/#primaryimage\"},\"thumbnailUrl\":\"https:\/\/nbt.net.tr\/wp-content\/uploads\/2021\/02\/Shape.png\",\"datePublished\":\"2021-02-26T22:47:55+00:00\",\"dateModified\":\"2021-03-14T19:39:11+00:00\",\"description\":\"Sanal veya Fiziksel sunucular\u0131n\u0131z\u0131 g\u00fcvenli ve h\u0131zl\u0131 bir \u015fekilde bar\u0131nd\u0131ral\u0131m, Yat\u0131r\u0131m ve g\u00fcncelleme maliyetlerinden kurtulun.\",\"breadcrumb\":{\"@id\":\"https:\/\/nbt.net.tr\/index.php\/sunucu-barindirma\/#breadcrumb\"},\"inLanguage\":\"tr\",\"potentialAction\":[{\"@type\":\"ReadAction\",\"target\":[\"https:\/\/nbt.net.tr\/index.php\/sunucu-barindirma\/\"]}]},{\"@type\":\"ImageObject\",\"inLanguage\":\"tr\",\"@id\":\"https:\/\/nbt.net.tr\/index.php\/sunucu-barindirma\/#primaryimage\",\"url\":\"https:\/\/nbt.net.tr\/wp-content\/uploads\/2021\/02\/Shape.png\",\"contentUrl\":\"https:\/\/nbt.net.tr\/wp-content\/uploads\/2021\/02\/Shape.png\",\"width\":724,\"height\":663},{\"@type\":\"BreadcrumbList\",\"@id\":\"https:\/\/nbt.net.tr\/index.php\/sunucu-barindirma\/#breadcrumb\",\"itemListElement\":[{\"@type\":\"ListItem\",\"position\":1,\"name\":\"Anasayfa\",\"item\":\"https:\/\/nbt.net.tr\/\"},{\"@type\":\"ListItem\",\"position\":2,\"name\":\"Sunucu Bar\u0131nd\u0131rma\"}]},{\"@type\":\"WebSite\",\"@id\":\"https:\/\/nbt.net.tr\/#website\",\"url\":\"https:\/\/nbt.net.tr\/\",\"name\":\"NBT\",\"description\":\"Dan\u0131\u015fmanl\u0131k Destek Teknoloji\",\"potentialAction\":[{\"@type\":\"SearchAction\",\"target\":{\"@type\":\"EntryPoint\",\"urlTemplate\":\"https:\/\/nbt.net.tr\/?s={search_term_string}\"},\"query-input\":{\"@type\":\"PropertyValueSpecification\",\"valueRequired\":true,\"valueName\":\"search_term_string\"}}],\"inLanguage\":\"tr\"}]}<\/script>\n<!-- \/ Yoast SEO plugin. -->","yoast_head_json":{"title":"Sanal - Fiziksel - Sunucu Bar\u0131nd\u0131rma - NBT","description":"Sanal veya Fiziksel sunucular\u0131n\u0131z\u0131 g\u00fcvenli ve h\u0131zl\u0131 bir \u015fekilde bar\u0131nd\u0131ral\u0131m, Yat\u0131r\u0131m ve g\u00fcncelleme maliyetlerinden kurtulun.","robots":{"index":"index","follow":"follow","max-snippet":"max-snippet:-1","max-image-preview":"max-image-preview:large","max-video-preview":"max-video-preview:-1"},"canonical":"https:\/\/nbt.net.tr\/index.php\/sunucu-barindirma\/","og_locale":"tr_TR","og_type":"article","og_title":"Sanal - Fiziksel - Sunucu Bar\u0131nd\u0131rma - NBT","og_description":"Sanal veya Fiziksel sunucular\u0131n\u0131z\u0131 g\u00fcvenli ve h\u0131zl\u0131 bir \u015fekilde bar\u0131nd\u0131ral\u0131m, Yat\u0131r\u0131m ve g\u00fcncelleme maliyetlerinden kurtulun.","og_url":"https:\/\/nbt.net.tr\/index.php\/sunucu-barindirma\/","og_site_name":"NBT","article_modified_time":"2021-03-14T19:39:11+00:00","og_image":[{"url":"https:\/\/nbt.net.tr\/wp-content\/uploads\/2021\/02\/Shape.png","type":"","width":"","height":""}],"twitter_card":"summary_large_image","twitter_misc":{"Tahmini okuma s\u00fcresi":"1 dakika"},"schema":{"@context":"https:\/\/schema.org","@graph":[{"@type":"WebPage","@id":"https:\/\/nbt.net.tr\/index.php\/sunucu-barindirma\/","url":"https:\/\/nbt.net.tr\/index.php\/sunucu-barindirma\/","name":"Sanal - Fiziksel - Sunucu Bar\u0131nd\u0131rma - NBT","isPartOf":{"@id":"https:\/\/nbt.net.tr\/#website"},"primaryImageOfPage":{"@id":"https:\/\/nbt.net.tr\/index.php\/sunucu-barindirma\/#primaryimage"},"image":{"@id":"https:\/\/nbt.net.tr\/index.php\/sunucu-barindirma\/#primaryimage"},"thumbnailUrl":"https:\/\/nbt.net.tr\/wp-content\/uploads\/2021\/02\/Shape.png","datePublished":"2021-02-26T22:47:55+00:00","dateModified":"2021-03-14T19:39:11+00:00","description":"Sanal veya Fiziksel sunucular\u0131n\u0131z\u0131 g\u00fcvenli ve h\u0131zl\u0131 bir \u015fekilde bar\u0131nd\u0131ral\u0131m, Yat\u0131r\u0131m ve g\u00fcncelleme maliyetlerinden kurtulun.","breadcrumb":{"@id":"https:\/\/nbt.net.tr\/index.php\/sunucu-barindirma\/#breadcrumb"},"inLanguage":"tr","potentialAction":[{"@type":"ReadAction","target":["https:\/\/nbt.net.tr\/index.php\/sunucu-barindirma\/"]}]},{"@type":"ImageObject","inLanguage":"tr","@id":"https:\/\/nbt.net.tr\/index.php\/sunucu-barindirma\/#primaryimage","url":"https:\/\/nbt.net.tr\/wp-content\/uploads\/2021\/02\/Shape.png","contentUrl":"https:\/\/nbt.net.tr\/wp-content\/uploads\/2021\/02\/Shape.png","width":724,"height":663},{"@type":"BreadcrumbList","@id":"https:\/\/nbt.net.tr\/index.php\/sunucu-barindirma\/#breadcrumb","itemListElement":[{"@type":"ListItem","position":1,"name":"Anasayfa","item":"https:\/\/nbt.net.tr\/"},{"@type":"ListItem","position":2,"name":"Sunucu Bar\u0131nd\u0131rma"}]},{"@type":"WebSite","@id":"https:\/\/nbt.net.tr\/#website","url":"https:\/\/nbt.net.tr\/","name":"NBT","description":"Dan\u0131\u015fmanl\u0131k Destek Teknoloji","potentialAction":[{"@type":"SearchAction","target":{"@type":"EntryPoint","urlTemplate":"https:\/\/nbt.net.tr\/?s={search_term_string}"},"query-input":{"@type":"PropertyValueSpecification","valueRequired":true,"valueName":"search_term_string"}}],"inLanguage":"tr"}]}},"_links":{"self":[{"href":"https:\/\/nbt.net.tr\/index.php\/wp-json\/wp\/v2\/pages\/4588"}],"collection":[{"href":"https:\/\/nbt.net.tr\/index.php\/wp-json\/wp\/v2\/pages"}],"about":[{"href":"https:\/\/nbt.net.tr\/index.php\/wp-json\/wp\/v2\/types\/page"}],"author":[{"embeddable":true,"href":"https:\/\/nbt.net.tr\/index.php\/wp-json\/wp\/v2\/users\/1"}],"replies":[{"embeddable":true,"href":"https:\/\/nbt.net.tr\/index.php\/wp-json\/wp\/v2\/comments?post=4588"}],"version-history":[{"count":111,"href":"https:\/\/nbt.net.tr\/index.php\/wp-json\/wp\/v2\/pages\/4588\/revisions"}],"predecessor-version":[{"id":5067,"href":"https:\/\/nbt.net.tr\/index.php\/wp-json\/wp\/v2\/pages\/4588\/revisions\/5067"}],"wp:attachment":[{"href":"https:\/\/nbt.net.tr\/index.php\/wp-json\/wp\/v2\/media?parent=4588"}],"curies":[{"name":"wp","href":"https:\/\/api.w.org\/{rel}","templated":true}]}}